 d?
5
Let l = 13 + -6. Let y be (1 - 1)*-1 + 2. Suppose -7*h - r + 62 = -y*h, -r + 2 = 0. Calculate the remainder when h is divided by l.
5
Suppose 0*q + 2*q = 24. What is the remainder when q is divided by 4?
0
Suppose -17 = -2*w + 9. Let o(k) = -k**3 + 1. Let i be o(-1). Suppose i*t - 3*q - 23 = 0, q - 4 = -t - 0*q. Calculate the remainder when w is divided by t.
6
Let b(w) = -2*w - 2. Let o be b(-2). Suppose i + 11 = o*i. What is the remainder when i is divided by 3?
2
Let g(x) = 6*x**2 - 20*x - 9. Suppose -4*q - 24 = -3*c - c, 5*c + 2*q = 65. What is the remainder when g(5) is divided by c?
8
Suppose 57 = -2*x + 163. What is the remainder when x is divided by 9?
8
What is the remainder when (45/(-20))/((-2)/32) is divided by 10?
6
Suppose 8*u = 11*u - 102. Calculate the remainder when u is divided by 9.
7
Let j = 98 - 55. What is the remainder when j is divided by 15?
13
Let x = 98 + -85. Calculate the remainder when 76 is divided by x.
11
Let a(l) be the third derivative of 13*l**5/60 + l**4/12 - l**3/3 + 4*l**2. What is the remainder when a(-2) is divided by 8?
6
Let d(a) = 33*a - 10. Calculate the remainder when 335 is divided by d(2).
55
Let t be ((-12)/15)/1*-5. Suppose 5*j + 41 = 2*z, -3*z + 56 = -t*j + 12. What is the remainder when 15 is divided by z?
7
Calculate the remainder when (-507)/(-5) - (-22)/(-55) is divided by 26.
23
Suppose b + 2*a = -3, -3*b = 2*b - 4*a - 27. Suppose -3*f + 2*i + b = 0, 2 + 1 = -4*f + 5*i. What is the remainder when (-6)/(1 - (-5)/(-2)) is divided by f?
1
Let q(p) be the third derivative of p**5/30 - p**4/6 + p**3/3 + 2*p**2. Let y = 6 - -9. Calculate the remainder when y is divided by q(3).
7
Calculate the remainder when (54 + 0)*(-2)/1*-1 is divided by 22.
20
Suppose -3*c + 111 = -3*v, 5*c + 121 = -4*v - 0*c. What is the remainder when v/(-9) + (-16)/(-72) is divided by 2?
0
Let s = 50 - 39. Let p(q) = 3*q**2 - q + 1. Calculate the remainder when s is divided by p(1).
2
Let s be (-4)/6 - (-40)/6. Suppose s + 4 = 5*j. Calculate the remainder when j is divided by 2.
0
Suppose -b + 91 = 4*u - 49, 0 = u - 2*b - 35. Calculate the remainder when u is divided by 9.
8
Suppose -11 = 4*a - 47. Let n = -15 + a. Calculate the remainder when (-38)/(-1) + (-7 - n) is divided by 13.
11
Let p(b) = -b**2 + 10*b + 6. Let s be p(9). Let o be (-6)/s + (-108)/5. Calculate the remainder when 3 is divided by o/(-8) + 4/16.
0
Suppose 19 = 2*d + g - 113, 0 = 3*d + 3*g - 201. Suppose 0 = -2*m + 2*h + 34, 0 = -5*m - 0*m - 2*h + 85. Calculate the remainder when d is divided by m.
14
Let d(k) = -k**2 + 8*k - 9. Let p be d(6). Suppose 24 = 3*n + p*u, 3*n = 4*u - 9*u + 32. What is the remainder when (-130)/(-18) - (6 - 208/36) is divided by n?
3
Suppose 4*f = 2*f + 48. What is the remainder when f is divided by 13?
11
Suppose 3*o = -v + 4*v - 63, 0 = 5*v + 5*o - 145. Calculate the remainder when v is divided by 7.
4
Suppose -f - 5*k - 34 + 11 = 0, 0 = -5*f + 5*k + 35. Suppose -5*d + 32 = -3. Calculate the remainder when (-30)/(-7) - 2/d is divided by f.
0
Suppose -5*n - 33 = -4*v, -5*v - n + 5 + 0 = 0. Suppose o - 61 = -3*s, v*s - 4*o - o = 35. What is the remainder when 59 is divided by s?
19
Let h = -29 + 21. Suppose 12*q - 181 - 47 = 0. What is the remainder when q is divided by (-15)/(-2)*h/(-6)?
9
Calculate the remainder when 148 - ((-6)/(-2) - 5) is divided by 38.
36
What is the remainder when 14 is divided by (1 - -2) + 4/4?
2
Let x be (-5 - -13)*(-1)/(-2). Suppose 3*t + 1 + 5 = 2*p, 0 = -x*t. Let r = 5 + -4. Calculate the remainder when p is divided by r.
0
Suppose 0 = -p - 2*i, 3*p - 29 = -i - 4. Let t(a) = -3*a + 2. Let g be t(1). What is the remainder when 12/((-5)/(-3) + g) is divided by p?
8
Let b(x) = -2*x**3 - 16*x**2 - 7*x + 16. Let i(p) = p**3 + 8*p**2 + 4*p - 8. Let m(r) = -4*b(r) - 9*i(r). What is the remainder when m(-7) is divided by 9?
6
Let h(n) = n**2 - 80. What is the remainder when 286 is divided by h(11)?
40
Let n be 320/(-1 - (-4 + 2)). Suppose -r - n = -2*o, -o + 4*r = -0*o - 174. Calculate the remainder when o/14 + 6/(-21) is divided by 4.
3
Let d(u) = 3*u + 7. Let a = -8 - -23. What is the remainder when d(12) is divided by a?
13
Suppose 0 = -4*v - 3*j + j + 10, 5*v - 10 = -3*j. Calculate the remainder when v is divided by 2 + (4 - (-3 + 5)).
1
Calculate the remainder when (-4)/(-30) + (-532)/(-60) is divided by 6.
3
Suppose -4*o = -2*i, 0 = 5*i - 2*o - 7 - 9. Suppose a - 100 = -i*r, r - 3*a = -0*a + 25. Calculate the remainder when r is divided by 7.
4
Suppose -4*w = 3*o - 6 - 10, -12 = -3*w. Let d be 1/(o + (-3)/(-18)). Suppose 4 = -d*y + 8*y. What is the remainder when y is divided by 1?
0
Let l(f) = 54*f - 13. What is the remainder when l(3) is divided by 38?
35
Suppose 19 + 1 = 4*y. Suppose -5*s = 2 - 57. Let u = s + -9. Calculate the remainder when y is divided by u.
1
What is the remainder when 135/(-25)*(-40)/12 is divided by 17?
1
Let j = 15 + -9. Let r(m) = 11*m - 1. What is the remainder when r(1) is divided by j?
4
Let i = -11 + 6. Let a = 7 - i. Calculate the remainder when 35 is divided by a.
11
Let q = -173 + 242. Suppose -5*r = n - 149, q - 230 = -5*r - 4*n. Calculate the remainder when r is divided by (9 - 1/(-1)) + 0.
9
Let k = 6 + 6. Suppose 5*x - 6 - 4 = 0. Suppose s = x*s - k. What is the remainder when 34 is divided by s?
10
Let z = -8 - -10. Suppose -2*y - z + 32 = 0. What is the remainder when 56 is divided by y?
11
Calculate the remainder when -3 - (1164/(-10) - (-8)/20) is divided by 23.
21
Let n(j) = -30*j**3 + j**2 + j + 1. Calculate the remainder when 58 is divided by n(-1).
27
Suppose -28 = n - 2*k + 4*k, 0 = -2*n + 3*k - 63. Calculate the remainder when (-1)/(3/n) + -4 is divided by 4.
2
Suppose -m = m + 6. Calculate the remainder when 26 is divided by (-1 + -6)/(2 + m).
5
Let y(v) = -v + 5. What is the remainder when 26 is divided by y(-4)?
8
Let o = 245 - 168. What is the remainder when o is divided by 13?
12
Let u(v) = -2*v**3 + 22*v**2 + 3*v - 29. What is the remainder when 7 is divided by u(11)?
3
Suppose 4*p - 2*p = 6. Calculate the remainder when p/12 + (-99)/(-4) is divided by 13.
12
Let s(k) = 2*k**2 + 2*k. Let n be 16/2*(-2)/(-4). What is the remainder when (2/n)/(1/20) is divided by s(-2)?
2
Let v = 4 + 9. Suppose 0 = 4*w - w + m - 107, -2*w = -m - 78. Calculate the remainder when w is divided by v.
11
Let k(u) = 5*u + 11. Calculate the remainder when k(3) is divided by 7.
5
Let l = 3 - -3. Let i = 7 - 4. Suppose -x - 44 = -a - l*x, -i*x = 5*a - 198. What is the remainder when a is divided by 10?
9
Let c = -146 - -165. Calculate the remainder when c is divided by 5.
4
Let p = 0 - -6. Suppose 0 = -p*w + 4*w + 14. Suppose -w*f = -2*f - 95. Calculate the remainder when f is divided by 7.
5
Let q = -18 + -2. What is the remainder when (18/12)/((-2)/q) is divided by 8?
7
Suppose -2*r = -3*c + 70, 90 = 4*c + r - 3*r. Suppose -55 = 2*g - 7*g - 3*k, 3*g + 3*k = 33. What is the remainder when c is divided by g?
9
Let f(n) = n**2 - 8*n + 11. What is the remainder when f(7) is divided by 2?
0
Let m(u) = u + 45. Let h = -7 + 31. What is the remainder when m(0) is divided by h?
21
Let s be (4/6)/(6/9). Let j(t) = 5*t**3. Let n be j(s). Suppose -1 - n = -2*q. What is the remainder when 7 is divided by q?
1
Suppose -38 = -3*n + 4*z, 4*n - 107 = -5*z - 15. Calculate the remainder when 69 is divided by n.
15
Let j = -36 - -57. What is the remainder when j is divided by 6?
3
Calculate the remainder when -3*86/(-3) + -1 is divided by 22.
19
What is the remainder when (336/70)/((-1)/(-20)) is divided by 50?
46
Let w(o) = 7*o**2 - 1. Let z be w(1). Let f = z - 4. What is the remainder when 27 is divided by f*-1 + (0 - -9)?
6
Calculate the remainder when 59 is divided by 3/(3/(-1))*-31.
28
Let c(x) = x**2 - 4. Let n be c(0). Let s = n - -55. What is the remainder when s is divided by 13?
12
Suppose 4*t - 3*f - 44 = -6*f, -5*f = -2*t + 22. Suppose -3*u + 19 = -44. Calculate the remainder when u is divided by t.
10
Suppose -2*z = -5*g - 7*z + 35, g + 4*z = 22. Suppose g*m = m + 3. Suppose m*x + x - 32 = 0. What is the remainder when 14 is divided by x?
6
Let u = 26 - 18. Calculate the remainder when 14 is divided by u.
6
Suppose 0*r = 5*r - 135. What is the remainder when 77 is